{"id":14,"date":"2025-06-07T12:28:37","date_gmt":"2025-06-07T10:28:37","guid":{"rendered":"https:\/\/magievisuelle.fr\/?page_id=14"},"modified":"2025-06-07T12:41:02","modified_gmt":"2025-06-07T10:41:02","slug":"prediction-ou-intuition","status":"publish","type":"page","link":"https:\/\/magievisuelle.fr\/index.php\/prediction-ou-intuition\/","title":{"rendered":"Pr\u00e9diction ou intuition?"},"content":{"rendered":"\n<p>La <strong>pr\u00e9monition<\/strong> d\u00e9signe la sensation ou l\u2019impression d\u2019avoir connaissance d\u2019un \u00e9v\u00e9nement <strong>avant qu\u2019il ne se produise<\/strong>, sans en avoir de preuve rationnelle. Elle est souvent d\u00e9crite comme un <strong>pressentiment<\/strong>, parfois vague, parfois tr\u00e8s pr\u00e9cis. On parle aussi de \u00ab r\u00eave pr\u00e9monitoire \u00bb lorsqu\u2019une personne voit dans son sommeil un \u00e9v\u00e9nement futur qui finit par se r\u00e9aliser.<\/p>\n\n\n\n<p>D\u2019un point de vue <strong>psychologique<\/strong>, certains chercheurs pensent que les pr\u00e9monitions sont le fruit de notre <strong>inconscient<\/strong>. Le cerveau analyse en permanence notre environnement, parfois sans que nous en ayons conscience, et peut anticiper certains sc\u00e9narios probables. Ce m\u00e9canisme est proche de l\u2019<strong>intuition<\/strong>, cette capacit\u00e9 \u00e0 \u00ab\u00a0savoir sans savoir pourquoi\u00a0\u00bb.<\/p>\n\n\n\n<p>En revanche, pour d&rsquo;autres, la pr\u00e9monition rel\u00e8verait de ph\u00e9nom\u00e8nes <strong>paranormaux<\/strong>. Elle serait une forme de perception extrasensorielle, comparable \u00e0 la voyance ou \u00e0 la t\u00e9l\u00e9pathie. Ces th\u00e9ories sont fascinantes, mais restent <strong>controvers\u00e9es<\/strong> : \u00e0 ce jour, <strong>aucune preuve scientifique solide<\/strong> ne confirme l\u2019existence r\u00e9elle de la pr\u00e9monition au sens surnaturel.<\/p>\n\n\n\n<p>Dans la <strong>culture populaire<\/strong>, les pr\u00e9monitions sont largement repr\u00e9sent\u00e9es dans les romans, les films ou les r\u00e9cits personnels. Elles peuvent intriguer, rassurer ou effrayer, selon leur contenu et leur contexte.<\/p>\n\n\n\n<p>En conclusion, la pr\u00e9monition soul\u00e8ve une question essentielle : jusqu\u2019o\u00f9 notre esprit peut-il anticiper l\u2019avenir ? S\u2019il est possible que certaines \u00ab visions \u00bb soient issues de m\u00e9canismes cognitifs naturels, le myst\u00e8re reste entier. Et peut-\u00eatre est-ce ce flou entre science et inexplicable qui rend la pr\u00e9monition si captivante.<\/p>\n\n\n\n<figure class=\"wp-block-image size-large\"><img decoding=\"async\" src=\"https:\/\/flitch.me\/predictiontemp\/1643564932.jpg\" alt=\"\"\/><\/figure>\n","protected":false},"excerpt":{"rendered":"<p>La pr\u00e9monition d\u00e9signe la sensation ou l\u2019impression d\u2019avoir connaissance d\u2019un \u00e9v\u00e9nement avant qu\u2019il ne se produise, sans en avoir de preuve rationnelle. Elle est souvent d\u00e9crite comme un pressentiment, parfois vague, parfois tr\u00e8s pr\u00e9cis. On parle aussi de \u00ab r\u00eave pr\u00e9monitoire \u00bb lorsqu\u2019une personne voit dans son sommeil un \u00e9v\u00e9nement futur qui finit par se [&hellip;]<\/p>\n","protected":false},"author":1,"featured_media":0,"parent":0,"menu_order":0,"comment_status":"closed","ping_status":"closed","template":"","meta":{"footnotes":""},"class_list":["post-14","page","type-page","status-publish","hentry"],"_links":{"self":[{"href":"https:\/\/magievisuelle.fr\/index.php\/wp-json\/wp\/v2\/pages\/14","targetHints":{"allow":["GET"]}}],"collection":[{"href":"https:\/\/magievisuelle.fr\/index.php\/wp-json\/wp\/v2\/pages"}],"about":[{"href":"https:\/\/magievisuelle.fr\/index.php\/wp-json\/wp\/v2\/types\/page"}],"author":[{"embeddable":true,"href":"https:\/\/magievisuelle.fr\/index.php\/wp-json\/wp\/v2\/users\/1"}],"replies":[{"embeddable":true,"href":"https:\/\/magievisuelle.fr\/index.php\/wp-json\/wp\/v2\/comments?post=14"}],"version-history":[{"count":2,"href":"https:\/\/magievisuelle.fr\/index.php\/wp-json\/wp\/v2\/pages\/14\/revisions"}],"predecessor-version":[{"id":16,"href":"https:\/\/magievisuelle.fr\/index.php\/wp-json\/wp\/v2\/pages\/14\/revisions\/16"}],"wp:attachment":[{"href":"https:\/\/magievisuelle.fr\/index.php\/wp-json\/wp\/v2\/media?parent=14"}],"curies":[{"name":"wp","href":"https:\/\/api.w.org\/{rel}","templated":true}]}}